9, 733
What are the prime factors of 836413?
836413
List the prime factors of 275209.
11, 127, 197
What are the prime factors of 287757?
3, 31973
List the prime factors of 93251.
93251
What are the prime factors of 676848?
2, 3, 59, 239
What are the prime factors of 5014773?
3, 557197
List the prime factors of 968260.
2, 5, 48413
List the prime factors of 9410619.
3, 67, 46819
List the prime factors of 69013.
7, 9859
What are the prime factors of 82290?
2, 3, 5, 13, 211
What are the prime factors of 515286?
2, 3, 28627
List the prime factors of 1072868.
2, 61, 4397
List the prime factors of 15072030.
2, 3, 5, 17, 9851
What are the prime factors of 1080166?
2, 487, 1109
List the prime factors of 32393232.
2, 3, 29, 7757
What are the prime factors of 182776?
2, 11, 31, 67
What are the prime factors of 203326?
2, 101663
List the prime factors of 2016367.
2016367
List the prime factors of 284509.
284509
List the prime factors of 634647.
3, 13, 16273
What are the prime factors of 1426729?
19, 61, 1231
What are the prime factors of 201312?
2, 3, 233
What are the prime factors of 14450?
2, 5, 17
List the prime factors of 9164799.
3, 7, 48491
List the prime factors of 15201035.
5, 83, 36629
What are the prime factors of 1342875?
3, 5, 3581
What are the prime factors of 2232346?
2, 1116173
List the prime factors of 14084293.
839, 16787
List the prime factors of 24824944.
2, 19, 127, 643
What are the prime factors of 382121?
211, 1811
List the prime factors of 297563.
7, 42509
List the prime factors of 515901.
3, 383, 449
What are the prime factors of 370804?
2, 7, 17, 19, 41
List the prime factors of 6340551.
3, 7, 43133
What are the prime factors of 1466331?
3, 31, 15767
What are the prime factors of 4640943?
3, 1546981
List the prime factors of 44237.
31, 1427
What are the prime factors of 49321?
31, 37, 43
List the prime factors of 2134167.
3, 7, 101627
List the prime factors of 999833.
23, 29, 1499
List the prime factors of 371137.
13, 28549
List the prime factors of 479624.
2, 167, 359
List the prime factors of 886682.
2, 443341
What are the prime factors of 289786?
2, 7, 2957
List the prime factors of 13240224.
2, 3, 31, 1483
What are the prime factors of 1189092?
2, 3, 197, 503
List the prime factors of 4044984.
2, 3, 168541
List the prime factors of 1279080.
2, 3, 5, 11, 17, 19
List the prime factors of 2670125.
5, 41, 521
List the prime factors of 6044344.
2, 431, 1753
List the prime factors of 102500.
2, 5, 41
What are the prime factors of 485719?
13, 37363
What are the prime factors of 7136698?
2, 499, 7151
What are the prime factors of 2644285?
5, 7, 43, 251
List the prime factors of 670898.
2, 335449
What are the prime factors of 122075?
5, 19, 257
What are the prime factors of 2723097?
3, 13, 41, 131
List the prime factors of 1052769.
3, 43, 8161
List the prime factors of 605664.
2, 3, 701
List the prime factors of 16109156.
2, 7, 47, 12241
List the prime factors of 516721.
516721
List the prime factors of 6169364.
2, 383, 4027
What are the prime factors of 34526?
2, 61, 283
What are the prime factors of 155794?
2, 61, 1277
List the prime factors of 3276020.
2, 5, 11, 14891
What are the prime factors of 4713304?
2, 589163
What are the prime factors of 14163653?
7, 23, 87973
List the prime factors of 7330712.
2, 916339
What are the prime factors of 8635739?
7, 823, 1499
What are the prime factors of 368059?
368059
List the prime factors of 682465.
5, 7, 17, 31, 37
What are the prime factors of 921825?
3, 5, 17, 241
What are the prime factors of 3055789?
11, 19, 14621
List the prime factors of 152774.
2, 76387
What are the prime factors of 10734282?
2, 3, 13, 1699
List the prime factors of 1026760.
2, 5, 7, 19, 193
What are the prime factors of 121649?
11, 11059
What are the prime factors of 2577990?
2, 3, 5, 85933
What are the prime factors of 1288917?
3, 7, 41, 499
List the prime factors of 1538259.
3, 19, 26987
What are the prime factors of 6950751?
3, 19, 197, 619
What are the prime factors of 4578086?
2, 661, 3463
List the prime factors of 265300.
2, 5, 7, 379
What are the prime factors of 538672?
2, 131, 257
List the prime factors of 1560371.
1560371
What are the prime factors of 14769497?
29, 509293
What are the prime factors of 19038829?
103, 184843
List the prime factors of 70310.
2, 5, 79, 89
List the prime factors of 748336.
2, 46771
What are the prime factors of 170749?
170749
What are the prime factors of 1270348?
2, 317587
List the prime factors of 4656358.
2, 7, 349, 953
List the prime factors of 246119.
246119
What are the prime factors of 13583?
17, 47
What are the prime factors of 120260?
2, 5, 7, 859
List the prime factors of 3521355.
3, 5, 181, 1297
List the prime factors of 75021.
3, 17, 1471
List the prime factors of 1751788.
2, 437947
List the prime factors of 6833929.
6833929
What are the prime factors of 249927?
3, 227, 367
List the prime factors of 5074189.
5074189
List the prime factors of 21689226.
2, 3, 13, 59, 1571
List the prime factors of 992199.
3, 13, 19, 103
List the prime factors of 298345.
5, 59669
List the prime factors of 1083691.
7, 23, 53, 127
List the prime factors of 345322.
2, 23, 7507
List the prime factors of 3090870.
2, 3, 5, 61, 563
What are the prime factors of 18186303?
3, 6062101
List the prime factors of 1346151.
3, 29, 15473
List the prime factors of 926567.
926567
What are the prime factors of 557675?
5, 22307
List the prime factors of 149366.
2, 7, 47, 227
List the prime factors of 235090.
2, 5, 23509
List the prime factors of 4980649.
443, 11243
List the prime factors of 2817103.
83, 33941
List the prime factors of 96217.
11, 8747
What are the prime factors of 15413441?
17, 906673
List the prime factors of 371083.
371083
List the prime factors of 734274.
2, 3, 19, 113
What are the prime factors of 1132491?
3, 43, 8779
List the prime factors of 4309867.
4309867
List the prime factors of 1478998.
2, 19, 38921
What are the prime factors of 3946015?
5, 19, 73, 569
What are the prime factors of 2309277?
3, 61, 12619
What are the prime factors of 2854974?
2, 3, 107, 4447
What are the prime factors of 795151?
7, 29, 3917
List the prime factors of 433760.
2, 5, 2711
What are the prime factors of 11532219?
3, 829, 4637
List the prime factors of 84739.
101, 839
What are the prime factors of 14550140?
2, 5, 11, 66137
What are the prime factors of 213879?
3, 71293
What are the prime factors of 174585?
3, 5, 103, 113
List the prime factors of 6323623.
43, 199, 739
List the prime factors of 495314.
2, 227, 1091
What are the prime factors of 2885604?
2, 3, 31, 7757
List the prime factors of 24986929.
11, 853, 2663
List the prime factors of 2085681.
3, 13, 53479
List the prime factors of 7433670.
2, 3, 5, 37, 181
List the prime factors of 13365587.
17, 786211
What are the prime factors of 244742?
2, 79, 1549
List the prime factors of 34545454.
2, 271, 63737
What are the prime factors of 351940?
2, 5, 17597
List the prime factors of 3825429.
3, 23, 55441
What are the prime factors of 405079?
53, 7643
What are the prime factors of 19962?
2, 3, 1109
What are the prime factors of 382090?
2, 5, 19, 2011
What are the prime factors of 11205386?
2, 5602693
What are the prime factors of 2971295?
5, 673, 883
What are the prime factors of 991387?
991387
What are the prime factors of 6572686?
2, 251, 13093
What are the prime factors of 5502122?
2, 37, 74353
List the prime factors of 10775470.
2, 5, 19, 56713
What are the prime factors of 464669?
23, 89, 227
What are the prime factors of 286334?
2, 61, 2347
List the prime factors of 3879630.
2, 3, 5, 14369
List the prime factors of 3986360.
2, 5, 7, 23, 619
List the prime factors of 410233.
410233
List the prime factors of 10387459.
17, 611027
What are the prime factors of 20870?
2, 5, 2087
List the prime factors of 102409.
102409
What are the prime factors of 287909?
127, 2267
List the prime factors of 7625217.
3, 2541739
What are the prime factors of 4242856?
2, 23, 23059
What are the prime factors of 2985225?
3, 5, 53, 751
What are the prime factors of 9016392?
2, 3, 7, 11, 17, 41
List the prime factors of 2410895.
5, 482179
What are the prime factors of 17706?
2, 3, 13, 227
What are the prime factors of 3389696?
2, 13241
What are the prime factors of 8510